{"id":3281,"date":"2023-10-23T12:19:47","date_gmt":"2023-10-23T12:19:47","guid":{"rendered":"https:\/\/parasita.eu\/?post_type=cpt_projectos&#038;p=3281"},"modified":"2024-11-16T12:31:01","modified_gmt":"2024-11-16T12:31:01","slug":"danca-nao-danca","status":"publish","type":"cpt_projectos","link":"https:\/\/parasita.eu\/en\/projecto\/danca-nao-danca\/","title":{"rendered":"Dan\u00e7a N\u00e3o Dan\u00e7a"},"content":{"rendered":"<p><em>Dan\u00e7a n\u00e3o dan\u00e7a \u2013 archaeologies of the new dance in Portugal<\/em><\/p>\n<p><em>Dan\u00e7a n\u00e3o dan\u00e7a \u2013 archaeologies of the new dance in Portugal<\/em> is a programme dedicated to different manifestations of dance, seeking to situate what in the 1990s was called the New Portuguese Dance, but not without taking into account what is &#8220;new&#8221; in a multiplicity of occurrences that span the 20th century. It&#8217;s about &#8220;dancing the nervousness of history&#8221;, experiencing, through the dances, the contradictions of the time in which they occur, showing possible other times.<br \/>\nCurated by Jo\u00e3o dos Santos Martins, Ana Bigotte Vieira, Carlos Manuel Oliveira and Ana Dinger, the programme is divided into three strands, comprising a cycle of events, a book and an exhibition. Each of these strands covers the 20th and early 21st centuries, problematising linear representations of time in their own way (specific to their mediality), echoing the others and showing dances and their stories from different perspectives.<\/p>\n<p>The cycle of (re)performances, films and conversations, which constitutes the first axis of non-dance dance, has the institutional collaboration of Companhia Nacional de Bailado, Escola de Dan\u00e7a do Conservat\u00f3rio Nacional, Escola Superior de Dan\u00e7a and the Escola Superior de Teatro e Cinema.<\/p>\n<p>The result of research begun in 2016, this is the seventh edition of the project <em>Para Uma Timeline a Haver &#8211; genealogies of dance as an artistic practice in Portugal.<\/em><\/p>\n<p><strong>(Re)performances, films and talks<\/strong><br \/>\n30 Oct 2023 &#8211; 04 Feb 2024<br \/>\nA century of history in ten sessions. Each session presents a choreographic work, a pair or a set of works from different times. Most are the result of a transmission process or original research work based on scarce documentary material.<\/p>\n<p><strong>Catalogue book<\/strong><br \/>\n2024<br \/>\n400 pages that revisit a century of dance in Portugal, reproducing hundreds of documents including photographs, press cuttings, scores and notes, and bringing together a range of texts including commissioned essays, republications and exclusive interviews.<\/p>\n<p><strong>Exhibition<\/strong><br \/>\n14 nov 2024 &#8211; 13 jan 2025<br \/>\nThe result of intensive research, the exhibition draws on audiovisual recordings and archive materials to highlight episodes that have influenced authors, practices and institutions, transforming ideas of dance and the body over the last century.<\/p>\n","protected":false},"featured_media":3268,"template":"","cat_projectos":[],"acf":[],"_links":{"self":[{"href":"https:\/\/parasita.eu\/en\/wp-json\/wp\/v2\/cpt_projectos\/3281"}],"collection":[{"href":"https:\/\/parasita.eu\/en\/wp-json\/wp\/v2\/cpt_projectos"}],"about":[{"href":"https:\/\/parasita.eu\/en\/wp-json\/wp\/v2\/types\/cpt_projectos"}],"wp:featuredmedia":[{"embeddable":true,"href":"https:\/\/parasita.eu\/en\/wp-json\/wp\/v2\/media\/3268"}],"wp:attachment":[{"href":"https:\/\/parasita.eu\/en\/wp-json\/wp\/v2\/media?parent=3281"}],"wp:term":[{"taxonomy":"cat_projectos","embeddable":true,"href":"https:\/\/parasita.eu\/en\/wp-json\/wp\/v2\/cat_projectos?post=3281"}],"curies":[{"name":"wp","href":"https:\/\/api.w.org\/{rel}","templated":true}]}}

Dança Não Dança

<p><em>Dança não dança – archaeologies of the new dance in Portugal</em></p>
<p><em>Dança não dança – archaeologies of the new dance in Portugal</em> is a programme dedicated to different manifestations of dance, seeking to situate what in the 1990s was called the New Portuguese Dance, but not without taking into account what is &#8220;new&#8221; in a multiplicity of occurrences that span the 20th century. It&#8217;s about &#8220;dancing the nervousness of history&#8221;, experiencing, through the dances, the contradictions of the time in which they occur, showing possible other times.<br />
Curated by João dos Santos Martins, Ana Bigotte Vieira, Carlos Manuel Oliveira and Ana Dinger, the programme is divided into three strands, comprising a cycle of events, a book and an exhibition. Each of these strands covers the 20th and early 21st centuries, problematising linear representations of time in their own way (specific to their mediality), echoing the others and showing dances and their stories from different perspectives.</p>
<p>The cycle of (re)performances, films and conversations, which constitutes the first axis of non-dance dance, has the institutional collaboration of Companhia Nacional de Bailado, Escola de Dança do Conservatório Nacional, Escola Superior de Dança and the Escola Superior de Teatro e Cinema.</p>
<p>The result of research begun in 2016, this is the seventh edition of the project <em>Para Uma Timeline a Haver &#8211; genealogies of dance as an artistic practice in Portugal.</em></p>
<p><strong>(Re)performances, films and talks</strong><br />
30 Oct 2023 &#8211; 04 Feb 2024<br />
A century of history in ten sessions. Each session presents a choreographic work, a pair or a set of works from different times. Most are the result of a transmission process or original research work based on scarce documentary material.</p>
<p><strong>Catalogue book</strong><br />
2024<br />
400 pages that revisit a century of dance in Portugal, reproducing hundreds of documents including photographs, press cuttings, scores and notes, and bringing together a range of texts including commissioned essays, republications and exclusive interviews.</p>
<p><strong>Exhibition</strong><br />
14 nov 2024 &#8211; 13 jan 2025<br />
The result of intensive research, the exhibition draws on audiovisual recordings and archive materials to highlight episodes that have influenced authors, practices and institutions, transforming ideas of dance and the body over the last century.</p>
