{"id":1162,"date":"2020-12-18T16:19:01","date_gmt":"2020-12-18T16:19:01","guid":{"rendered":"https:\/\/parasita.eu\/?post_type=cpt_ana_rita_teodoro&#038;p=1162"},"modified":"2026-02-26T11:10:26","modified_gmt":"2026-02-26T11:10:26","slug":"conferencias-corpo-2018-2020","status":"publish","type":"cpt_ana_rita_teodoro","link":"https:\/\/parasita.eu\/en\/ana-rita-teodoro\/conferencias-corpo-2018-2020\/","title":{"rendered":"Conf\u00e9rences Corps"},"content":{"rendered":"<p>Ces conf\u00e9rences ont eu lieu dans le cadre du projet\u00a0 &#8220;Constellation&#8221; propos\u00e9 durant les ann\u00e9es scolaires 2018-19 et 2019-2020 au CND \u00e0 Pantin.<\/p>\n<p>Constellation\u00a0 est un projet chor\u00e9graphique qui, \u00e0 travers une multiplicit\u00e9 de\u00a0 pratiques, d\u00e9ploie une question : comment j\u2019habite mon corps en relation\u00a0 \u00e0 l\u2019autre et \u00e0 l\u2019environnement ? Vingt groupes (scolaires,\u00a0 p\u00e9riscolaires, champ social et sanitaire) de la Seine-Saint-Denis et de\u00a0 Paris s\u2019immergent dans cette question avec huit jours de stage\u00a0 (pratiques chor\u00e9graphiques et m\u00e9diation), des sorties culturelles, une\u00a0 conf\u00e9rence scientifique performative de la chor\u00e9graphe Ana Rita Teodoro\u00a0 et des journ\u00e9es d\u2019\u00e9changes entre participants tout au long de l\u2019ann\u00e9e.\u00a0 Le projet se termine par une semaine de rencontres entre tous les\u00a0 groupes et de pr\u00e9sentations au public.<\/p>\n<p>&nbsp;<\/p>\n<ul>\n<li aria-level=\"1\">CONFERENCE SUR LE CORPS<\/li>\n<\/ul>\n<p><span style=\"font-weight: 400;\">Cette conf\u00e9rence a comme objectif de donner \u00e0 conna\u00eetre de mani\u00e8re simple et ludique, certains des \u00e9l\u00e9ments qui composent notre corps. Le corps, cette \u201c machine \u00e0 \u00eatre \u201d comme le dit Daniel Pennac, avec lequel on vit sans jamais vraiment bien le conna\u00eetre. On prend conscience de notre corps \u00e0 travers le ressenti d\u2019\u00e9motions fortes ou dans des moments de mal-\u00eatre\u2026 Je suis certaine qu\u2019en savoir plus sur le fonctionnement et les mati\u00e8res de notre corps pourrait nous aider \u00e0 mieux vivre, \u00e0 d\u00e9passer des contraintes et \u00e0 \u00e9largir notre mani\u00e8re de regarder et de penser le monde. Il n\u2019y a pas besoin de devenir un expert de la m\u00e9decine pour en savoir plus ! La conf\u00e9rence propose de commencer avec ce qui a de plus petit en nous, la cellule, pour ensuite traverser les diff\u00e9rents syst\u00e8mes : squelette, circulation sanguine, digestion, peau, etc, jusqu\u2019au syst\u00e8me nerveux, qui lie de mani\u00e8re plus directe notre monde int\u00e9rieur au monde ext\u00e9rieur.\u00a0<\/span><\/p>\n<p>&nbsp;<\/p>\n<ul>\n<li aria-level=\"1\">PETITE HISTOIRE DE L&#8217;IMAGINAIRE CORPOREL<\/li>\n<\/ul>\n<p><span style=\"font-weight: 400;\">Dans Conf\u00e9rence sur le corps, Ana Rita Teodoro invitait le public \u00e0 voyager dans l\u2019anatomie du corps humain, depuis le plus petit \u00e9l\u00e9ment dans notre corps &#8211; la cellule &#8211; jusqu&#8217;au plus grand \u2013 l\u2019enveloppe de la peau. Cette exploration a pu illustrer la richesse du corps et en d\u00e9montrer nombre de m\u00e9canismes scientifiques mais non moins magiques, comme sa capacit\u00e9 d\u2019adaptation, sa r\u00e9g\u00e9n\u00e9ration ou encore son extr\u00eame sensibilit\u00e9.\u00a0<\/span><\/p>\n<p><span style=\"font-weight: 400;\">Dans Petite histoire de l\u2019imaginaire corporel, c\u2019est cette fois-ci par l\u2019entr\u00e9e de l\u2019imaginaire qu\u2019Ana Rita Teodoro propose d\u2019aborder le corps. Est-il possible de sentir son corps et comment ? Quelle image a t-on de notre propre corps ? Les croyances, le d\u00e9veloppement de la science et de la soci\u00e9t\u00e9 changent-ils notre rapport\u00a0 au corps ? Imaginer c\u2019est sentir, sentir c\u2019est imaginer.\u00a0<\/span><\/p>\n<p><span style=\"font-weight: 400;\">Ana Rita Teodoro y expose et pr\u00e9sente diff\u00e9rentes approches men\u00e9es pour \u00e9tudier le corps tout au long de l\u2019Histoire et les diff\u00e9rentes d\u00e9couvertes qui en d\u00e9coulent.\u00a0<\/span><\/p>\n<p><span style=\"font-weight: 400;\">Notre corps serait-il une superposition de diff\u00e9rents corps d\u00e9j\u00e0 travaill\u00e9s et imagin\u00e9s par nos anc\u00eatres ?<\/span><\/p>\n<p><span style=\"font-weight: 400;\">Demander les registres vid\u00e9os<a href=\"https:\/\/parasita.eu\/ana-rita-teodoro-contacto\/\"> ici\u00a0\u00a0<\/a><\/span><\/p>\n","protected":false},"featured_media":0,"template":"","cat_ana_teodoro":[38],"cat_projectos":[],"acf":[],"_links":{"self":[{"href":"https:\/\/parasita.eu\/en\/wp-json\/wp\/v2\/cpt_ana_rita_teodoro\/1162"}],"collection":[{"href":"https:\/\/parasita.eu\/en\/wp-json\/wp\/v2\/cpt_ana_rita_teodoro"}],"about":[{"href":"https:\/\/parasita.eu\/en\/wp-json\/wp\/v2\/types\/cpt_ana_rita_teodoro"}],"wp:attachment":[{"href":"https:\/\/parasita.eu\/en\/wp-json\/wp\/v2\/media?parent=1162"}],"wp:term":[{"taxonomy":"cat_ana_teodoro","embeddable":true,"href":"https:\/\/parasita.eu\/en\/wp-json\/wp\/v2\/cat_ana_teodoro?post=1162"},{"taxonomy":"cat_projectos","embeddable":true,"href":"https:\/\/parasita.eu\/en\/wp-json\/wp\/v2\/cat_projectos?post=1162"}],"curies":[{"name":"wp","href":"https:\/\/api.w.org\/{rel}","templated":true}]}}

Conférences Corps

<p>Ces conférences ont eu lieu dans le cadre du projet  &#8220;Constellation&#8221; proposé durant les années scolaires 2018-19 et 2019-2020 au CND à Pantin.</p>
<p>Constellation  est un projet chorégraphique qui, à travers une multiplicité de  pratiques, déploie une question : comment j’habite mon corps en relation  à l’autre et à l’environnement ? Vingt groupes (scolaires,  périscolaires, champ social et sanitaire) de la Seine-Saint-Denis et de  Paris s’immergent dans cette question avec huit jours de stage  (pratiques chorégraphiques et médiation), des sorties culturelles, une  conférence scientifique performative de la chorégraphe Ana Rita Teodoro  et des journées d’échanges entre participants tout au long de l’année.  Le projet se termine par une semaine de rencontres entre tous les  groupes et de présentations au public.</p>
<p>&nbsp;</p>
<ul>
<li aria-level="1">CONFERENCE SUR LE CORPS</li>
</ul>
<p><span style="font-weight: 400;">Cette conférence a comme objectif de donner à connaître de manière simple et ludique, certains des éléments qui composent notre corps. Le corps, cette “ machine à être ” comme le dit Daniel Pennac, avec lequel on vit sans jamais vraiment bien le connaître. On prend conscience de notre corps à travers le ressenti d’émotions fortes ou dans des moments de mal-être… Je suis certaine qu’en savoir plus sur le fonctionnement et les matières de notre corps pourrait nous aider à mieux vivre, à dépasser des contraintes et à élargir notre manière de regarder et de penser le monde. Il n’y a pas besoin de devenir un expert de la médecine pour en savoir plus ! La conférence propose de commencer avec ce qui a de plus petit en nous, la cellule, pour ensuite traverser les différents systèmes : squelette, circulation sanguine, digestion, peau, etc, jusqu’au système nerveux, qui lie de manière plus directe notre monde intérieur au monde extérieur. </span></p>
<p>&nbsp;</p>
<ul>
<li aria-level="1">PETITE HISTOIRE DE L&#8217;IMAGINAIRE CORPOREL</li>
</ul>
<p><span style="font-weight: 400;">Dans Conférence sur le corps, Ana Rita Teodoro invitait le public à voyager dans l’anatomie du corps humain, depuis le plus petit élément dans notre corps &#8211; la cellule &#8211; jusqu&#8217;au plus grand – l’enveloppe de la peau. Cette exploration a pu illustrer la richesse du corps et en démontrer nombre de mécanismes scientifiques mais non moins magiques, comme sa capacité d’adaptation, sa régénération ou encore son extrême sensibilité. </span></p>
<p><span style="font-weight: 400;">Dans Petite histoire de l’imaginaire corporel, c’est cette fois-ci par l’entrée de l’imaginaire qu’Ana Rita Teodoro propose d’aborder le corps. Est-il possible de sentir son corps et comment ? Quelle image a t-on de notre propre corps ? Les croyances, le développement de la science et de la société changent-ils notre rapport  au corps ? Imaginer c’est sentir, sentir c’est imaginer. </span></p>
<p><span style="font-weight: 400;">Ana Rita Teodoro y expose et présente différentes approches menées pour étudier le corps tout au long de l’Histoire et les différentes découvertes qui en découlent. </span></p>
<p><span style="font-weight: 400;">Notre corps serait-il une superposition de différents corps déjà travaillés et imaginés par nos ancêtres ?</span></p>
<p><span style="font-weight: 400;">Demander les registres vidéos<a href="https://parasita.eu/ana-rita-teodoro-contacto/"> ici  </a></span></p>
